3?
4
What is the thousands digit of 10198?
0
What is the ten thousands digit of 228840?
2
What is the units digit of 5955069?
9
What is the units digit of 1916502?
2
What is the tens digit of 283127?
2
What is the units digit of 406528?
8
What is the tens digit of 1458001?
0
What is the units digit of 7754453?
3
What is the ten thousands digit of 10120483?
2
What is the hundreds digit of 115499?
4
What is the tens digit of 1353854?
5
What is the ten thousands digit of 456362?
5
What is the units digit of 349673?
3
What is the tens digit of 501863?
6
What is the thousands digit of 169016?
9
What is the thousands digit of 2441693?
1
What is the hundreds digit of 19238279?
2
What is the units digit of 267003?
3
What is the thousands digit of 667567?
7
What is the hundreds digit of 176957?
9
What is the hundreds digit of 2145906?
9
What is the hundreds digit of 203316?
3
What is the thousands digit of 1409902?
9
What is the millions digit of 8201768?
8
What is the tens digit of 2058054?
5
What is the hundred thousands digit of 9775849?
7
What is the hundred thousands digit of 1963020?
9
What is the ten thousands digit of 1178553?
7
What is the tens digit of 319224?
2
What is the millions digit of 1924003?
1
What is the millions digit of 2339903?
2
What is the hundreds digit of 168211?
2
What is the ten thousands digit of 12610446?
1
What is the ten thousands digit of 1374474?
7
What is the millions digit of 3310390?
3
What is the thousands digit of 682445?
2
What is the units digit of 4640361?
1
What is the hundred thousands digit of 272842?
2
What is the units digit of 408958?
8
What is the hundred thousands digit of 186394?
1
What is the hundreds digit of 3653725?
7
What is the thousands digit of 321419?
1
What is the hundreds digit of 929473?
4
What is the hundreds digit of 1234587?
5
What is the units digit of 210959?
9
What is the hundreds digit of 82553?
5
What is the hundred thousands digit of 1417757?
4
What is the hundred thousands digit of 552542?
5
What is the hundreds digit of 369529?
5
What is the ten thousands digit of 191603?
9
What is the hundred thousands digit of 158549?
1
What is the tens digit of 227925?
2
What is the ten thousands digit of 589940?
8
What is the thousands digit of 7171309?
1
What is the units digit of 19787287?
7
What is the millions digit of 4955917?
4
What is the hundreds digit of 3845733?
7
What is the thousands digit of 831035?
1
What is the ten thousands digit of 9724068?
2
What is the ten thousands digit of 1918252?
1
What is the ten thousands digit of 148495?
4
What is the hundred thousands digit of 1315900?
3
What is the ten thousands digit of 7633489?
3
What is the tens digit of 2215223?
2
What is the units digit of 1403900?
0
What is the thousands digit of 1370298?
0
What is the hundreds digit of 1792211?
2
What is the hundreds digit of 643420?
4
What is the millions digit of 5309157?
5
What is the hundred thousands digit of 250435?
2
What is the tens digit of 3930925?
2
What is the hundred thousands digit of 4944230?
9
What is the ten thousands digit of 360256?
6
What is the tens digit of 794910?
1
What is the tens digit of 220390?
9
What is the thousands digit of 354993?
4
What is the tens digit of 688202?
0
What is the tens digit of 2618306?
0
What is the thousands digit of 373267?
3
What is the units digit of 51452?
2
What is the units digit of 154991?
1
What is the ten thousands digit of 103410?
0
What is the hundreds digit of 11679216?
2
What is the tens digit of 427495?
9
What is the millions digit of 20828636?
0
What is the hundred thousands digit of 29561494?
5
What is the millions digit of 1490357?
1
What is the millions digit of 22416664?
2
What is the units digit of 274339?
9
What is the units digit of 1027448?
8
What is the ten thousands digit of 41631?
4
What is the ten thousands digit of 215758?
1
What is the ten thousands digit of 449830?
4
What is the tens digit of 35935?
3
What is the hundred thousands digit of 918394?
9
What is the thousands digit of 1302813?
2
What is the thousands digit of 40784?
0
What is the tens digit of 401893?
9
What is the units digit of 2272304?
4
What is the tens digit of 1674120?
2
What is the hundred thousands digit of 182749?
1
What is the hundreds digit of 487324?
3
What is the millions digit of 1516189?
1
What is the thousands digit of 246925?
6
What is the ten thousands digit of 1099752?
9
What is the hundreds digit of 558432?
4
What is the tens digit of 607904?
0
What is the ten thousands digit of 66345?
6
What is the ten thousands digit of 12210574?
1
What is the units digit of 3916102?
2
What is the tens digit of 12384095?
9
What is the thousands digit of 1798918?
8
What is the units digit of 335096?
6
What is the hundred thousands digit of 16657682?
6
What is the hundreds digit of 792615?
6
What is the hundreds digit of 685210?
2
What is the tens digit of 6698056?
5
What is the hundreds digit of 1007782?
7
What is the ten thousands digit of 5569891?
6
What is the units digit of 192859?
9
What is the millions digit of 7270645?
7
What is the hundred thousands digit of 2856679?
8
What is the hundreds digit of 167341?
3
What is the units digit of 121246?
6
What is the hundreds digit of 7313581?
5
What is the units digit of 28542?
2
What is the units digit of 804997?
7
What is the millions digit of 2535123?
2
What is the hundreds digit of 7135915?
9
What is the tens digit of 49409?
0
What is the ten thousands digit of 667809?
6
What is the hundreds digit of 739090?
0
What is the tens digit of 183320?
2
What is the hundreds digit of 503499?
4
What is the ten thousands digit of 4119447?
1
What is the thousands digit of 246804?
6
What is the units digit of 23270?
0
What is the millions digit of 3532096?
3
What is the units digit of 183919?
9
What is the hundred thousands digit of 6511970?
5
What is the ten thousands digit of 374735?
7
What is the millions digit of 3471973?
3
What is the millions digit of 10772700?
0
What is the thousands digit of 1710070?
0
What is the ten thousands digit of 355287?
5
What is the thousands digit of 336563?
6
What is the hundred thousands digit of 110317?
1
What is the hundreds digit of 41056?
0
What is the tens digit of 5732491?
9
What is the tens digit of 1581956?
5
What is the ten thousands digit of 31564?
3
What is the units digit of 489534?
4
What is the units digit of 221347?
7
What is the thousands digit of 150802?
0
What is the ten thousands digit of 8884931?
8
What is the tens digit of 11598169?
6
What is the thousands digit of 2378305?
8
What is the millions digit of 12605444?
2
What is the units digit of 86293?
3
What is the hundreds digit of 2676707?
7
What is the hundreds digit of 626343?
3
What is the units digit of 250575?
5
What is the thousands digit of 3344?
3
What is the hundred thousands digit of 5378853?
3
What is the hundreds digit of 174602?
6
What is the tens digit of 424728?
2
What is the tens digit of 11077178?
7
What is the units digit of 859751?
1
What is the tens digit of 12443659?
5
What is the ten thousands digit of 190428?
9
What is the hundreds digit of 19694748?
7
What is the hundreds digit of 6712230?
2
What is the tens digit of 16251144?
4
What is the hundreds digit of 6558941?
9
What is the tens digit of 540785?
8
What is the hundreds digit of 3790380?
3
What is the units digit of 7636830?
0
What is the hundreds digit of 10907240?
2
What is the hundred thousands digit of 4964507?
9
What is the hundreds digit of 2485641?
6
What is the hundreds digit of 1430447?
4
What is the units digit of 153859?
9
What is the ten thousands digit of 806886?
0
What is the ten thousands digit of 13150402?
5
What is the tens digit of 10522?
2
What is the hundreds digit of 216229?
2
What is the tens digit of 42869?
6
What is the tens digit of 659403?
0
What is the units digit of 22194140?
0
What is the ten thousands digit of 1005582?
0
What is the tens digit of 6676101?
0
What is the units digit of 10296429?
9
What is the millions digit of 3643900?
3
What is the ten thousands digit of 20592716?
9
What is the millions digit of 4967019?
4
What is the ten thousands digit of 1392223?
9
What is the units digit of 246577?
7
What is the thousands digit of 196462?
6
What is the hundreds digit of 3133445?
4
Wh